y(u) = u**3 + 2*u**2 - u + 2. What is y(h)?
-26
Let p(s) = s**2 - 2*s - 3. Suppose -r = -3*w + 24, 14 + 16 = 2*w + 4*r. Suppose 10 = -2*h, -3*m + 3*h = -0*m - w. Calculate p(m).
5
Let v(w) = -29408 + 58817 - 29410 - 4*w. Determine v(1).
-5
Let j(p) = 4*p**2 - 16*p - 5. Let x(t) = -1 + 11 - 32*t - 12 - 6 + 7*t**2. Let d(h) = -5*j(h) + 3*x(h). What is d(16)?
1
Let a(b) = -2*b**3 - 16*b**2 - 25*b + 1. Suppose -3*c - 9 = -2*x, -152*c + 151*c + 11 = -3*x. Give a(x).
7
Let l(d) = -2*d**3 + 13*d**2 - 3*d + 4. Let o be ((76/9)/19*9)/(4/6). Determine l(o).
22
Suppose -141*q + 139*q = -5*l - 35, l + 4*q = -29. Let b(h) = 17*h + 116. Calculate b(l).
-37
Let x(i) = -1057*i + 7399. Let o be x(7). Let y(v) be the third derivative of -26*v**2 + o*v - 1/120*v**6 - 1/6*v**4 + 0 + 2/3*v**3 + 1/20*v**5. Determine y(3).
-8
Suppose 33 + 17 = 5*a. Let z be (6/9)/(((-100)/15)/a). Let p(u) be the third derivative of -u**5/60 - u**3/6 - u**2. Calculate p(z).
-2
Let x(q) be the second derivative of q**3 + 3*q**2 + 2*q + 21. Let p = -6 + 8. Suppose h - 4 = p*h. Determine x(h).
-18
Let c be (-6)/(-3) + -13 - (-16 - -5). Let z(i) = i**3 + i - 35. What is z(c)?
-35
Let s(x) = -x**3 + 6*x**2 - 7*x - 4. Let w(k) = k**3 - 6*k**2 + 8*k + 5. Suppose 5 = -i + 5*n, 19*i + n - 7 = 18*i. Let o(b) = i*w(b) + 6*s(b). What is o(6)?
-11
Suppose 95 = -9*k + 23. Let d(f) be the second derivative of -f**4/12 - f**3 + 3*f**2/2 + 119*f. What is d(k)?
-13
Let g(v) = -1 + 7*v**3 + 4*v - v - 4*v. Suppose a - 290 = -5*t + 25, -1465 = -5*a - 3*t. Let o = 289 - a. Calculate g(o).
-7
Let z(v) = -3*v**3 + 34 + v**3 + 17*v**2 - 11*v + 9*v**3 - 15. Let x(k) = -3*k**3 - 8*k**2 + 5*k - 9. Let h(p) = 9*x(p) + 4*z(p). Let f = -5 + 10. What is h(f)?
25
Let z(s) = 4*s**3 + 3 - 2*s**3 + 2*s + 14*s**2 - s**3 + 7 + 12*s. Determine z(-13).
-3
Let j(c) be the first derivative of -c**4/4 - c + 3777. Give j(3).
-28
Let n(q) = 2*q**3 + 2*q**2 - 8*q - 4. Let s(g) = -88*g - 12676. Let p be s(-144). Calculate n(p).
-68
Suppose -5*n + 31 = 5*x + 11, 5*n = -x + 4. Let q(w) = 0 - 3 + n*w - 7*w + w**2 - 2*w**2. Let k = -151 - -144. Calculate q(k).
-3
Let y(a) = a**2 - 8*a - 27. Suppose 39480*l - 16 = 39478*l. Calculate y(l).
-27
Let j = 20 - 14. Suppose -5*v - y = -16, j*v + 4*y - 4 = v. Let i(q) = v*q - 5*q - 5 + 4. Give i(6).
-7
Let j = 25 + -23. Let n(m) = -13*m**j + m + 12*m**2 - m. Suppose 11 = 2*l + 13. Give n(l).
-1
Suppose -7*k - 45 = -12*k. Suppose -8*n + x = -k*n - 11, -4*n - 12 = -4*x. Let p be ((-1)/3)/(n/147). Let h(f) = f**2 - 8*f + 9. What is h(p)?
2
Let l(k) = -k**2 - 569*k - 26. Let d(n) = 116*n + 1. Let u(f) = 5*d(f) + l(f). Calculate u(7).
7
Let q(k) = -1182125 + 1182125 - k. Let f(a) = 4*a + 7. Suppose -4*p = -2*n + p - 8, 3 = -n + 2*p. Let o(g) = n*f(g) + 5*q(g). Calculate o(5).
2
Let z(q) = -q**3 + 2*q**3 + 1 - 4. Let c(t) = -3*t**3 + 84*t**2 - t + 25. Let r be c(28). Give z(r).
-30
Let o(r) be the first derivative of -r**2/2 + 2*r - 1. Let v = 322 + -329. Give o(v).
9
Suppose 11*h = 29 + 103. Let o(v) = -7 - h*v - v**2 + 15*v**2 + v**3 - 3 - 6*v**2. Give o(-9).
17
Let l be (3 + -4 - 9*4/(-12))*2. Let p(c) be the third derivative of 0 + 5/6*c**3 - 39*c**2 + 1/4*c**l + 0*c - 1/10*c**5 - 1/120*c**6. Calculate p(-7).
12
Let l(x) = 2*x**2 - 18*x - 11. Let c(g) = -2*g**2 + g. Let a(s) = -2*c(s) - l(s). Let p be a(-7). Let i(n) = -2*n + 2*n + 3*n - 4 + n**2 - 2*n. Determine i(p).
2
Let g(n) = -4004*n + 1861*n + 4*n**2 + 2166*n - 4. Give g(-6).
2
Let s(b) be the second derivative of b**5/20 + b**4/2 - 3*b**3/2 - b**2/2 + 4*b - 1. Suppose 9 = n - 4*z, 5*n + z + z + 43 = 0. Calculate s(n).
13
Let h(x) = -x**3 - 9*x**2 - 2*x - 11. Let b be (-18)/63 - (-32)/14. Let w be (1*b)/(24/84). Let p = -16 + w. Calculate h(p).
7
Let o(i) be the third derivative of -i**5/60 - 3*i**4/8 - 5*i**3/6 - 6*i**2. Let z = -11038 - -11029. Give o(z).
-5
Let v = -39 - -41. Let j(f) be the first derivative of 5/2*f**2 - 3*f - 20. What is j(v)?
7
Let p(k) = k**3 - 6*k**2 + 4*k + 2. Suppose 13*n + 9345 - 9384 = 0. Calculate p(n).
-13
Let o be -67*3 - (11 + -14 + 2). Let y = o + 198. Let l(z) = z. Let w(g) = -16*g - 3. Let j(c) = -5*l(c) - w(c). What is j(y)?
-19
Let r(y) = 4*y**2 - 23697 + 23718 - 3*y**2 - 11*y. Give r(8).
-3
Let n(y) = -2*y**2 + 80*y - 236. Let d be n(37). Let j(s) = -s + 2. Determine j(d).
16
Let p(n) = n**3 - 10*n**2 + 8*n + 4. Let s = -67 + 155. Suppose 0 = 2*b - 4*h - s, 5*h = 3*b - 29 - 104. Suppose 3*v + b = 73. Give p(v).
-5
Let s(r) = 134*r - 535. Let f(m) = 135*m - 540. Let y(i) = -3*f(i) + 2*s(i). Give y(4).
2
Let s(p) = p**3 + 4*p**2 - 4*p + 2. Suppose 0 = -6*x + 220 - 52. Suppose -14*g - x - 42 = 0. Give s(g).
-3
Let p(u) = -u**3 + 8*u**2 + 3*u - 14. Let h = -4942 - -4948. What is p(h)?
76
Let x(h) be the first derivative of h**4/4 + 8*h**3/3 + 3*h**2 - 16*h + 1613. Determine x(-6).
20
Let w be (6/((-1584)/44))/(-3 - -1) - 71/(-12). Let v(r) = 1. Let z(b) = -b**2 + 3*b - 1. Let o(d) = -5*v(d) + z(d). Determine o(w).
-24
Let q(f) = f + 36. Let j(t) = -2*t**3 + 10*t**2 + 33*t - 153. Let m be j(4). Determine q(m).
47
Let w(z) be the second derivative of -z**5/30 - 5*z**4/24 - z**3/2 - 54*z**2 - 7*z - 9. Let c(y) be the first derivative of w(y). Give c(-3).
-6
Let x(m) = 154*m - 29 - 145*m - 16*m. Calculate x(4).
-57
Let h = 10 - 10. Suppose h = z - 4*y - 15, -2*z - z + 15 = -2*y. Suppose -9*g = -15 - z. Let x(t) = 6*t - 2. Give x(g).
10
Let v(w) = -35*w**3 + w**2 - 13*w - 11. Let x(r) = 22*r**3 + 8*r + 7. Let k(q) = 5*v(q) + 8*x(q). Determine k(0).
1
Let s(h) = 2*h + 73. Let t(c) = 2*c - 64. Let l(k) = 7*s(k) + 6*t(k). Determine l(-5).
-3
Suppose -39 + 13 = 2*k. Let m(o) = -5*o + 39. Let n(r) = 6*r - 49. Let t(j) = 5*m(j) + 4*n(j). Give t(k).
12
Let w(d) = -120*d - 98*d - 6 + 197*d. Calculate w(-1).
15
Let r(p) = p**3 - 39*p - 37. Let j be r(-1). Let g(s) = 18*s**2 - 5*s + 4. What is g(j)?
17
Suppose 27*b = 10*b + 13*b. Let t(k) = -k**3 - k**2 - 3*k - 1. Give t(b).
-1
Let i(m) = -m**2 - 3*m + 2. Let b(c) = 4*c**2 - 6*c + 36. Let p(s) = -b(s) - 3*i(s). What is p(4)?
2
Let q(u) = -2*u + 32. Suppose -24*b = -3 - 188 - 1. Calculate q(b).
16
Let p(z) = z**3 - 9*z**2 - 57*z + 66. Let w be p(13). Let c(v) = -15*v**3 + v**2 - v - 1. Determine c(w).
-16
Let g(i) = i**2 - 101*i + 1727. Let q be g(22). Let a(t) = 3*t**2 + 38*t + 60. What is a(q)?
5
Let v(p) = -2*p**3 + 11*p**2 - 22*p + 92. Let z(f) = 3*f**3 - 17*f**2 + 32*f - 138. Let s(u) = 7*v(u) + 5*z(u). What is s(8)?
2
Let w(m) = 41*m**2 - 36 - 4569*m + 4557*m - 40*m**2. Determine w(-8).
124
Let v be (-2 + (-16)/12)*213/(-355). Let g(h) = 2*h**2 + 11*h - 17. Determine g(v).
13
Let c(u) = -17*u - 36. Let k be (1120/(-63) - -18)*(-11 - (-3 - -1)). Calculate c(k).
-2
Let v = -2855 + 2861. Let q(h) = -h**2 - 10*h + 60. Give q(v).
-36
Let o = -8 + 11. Let q(t) = -1 + 3*t + 3*t**o - 4*t**3 - 4 + 4*t**2. Let f = -2681 + 2686. Calculate q(f).
-15
Suppose 3*a + 1 = 3*c - 4*c, 4*a = -2*c. Let g(r) = -r**2 - 6*r**2 - 8*r**3 - 3*r + 7*r**3 + c*r**2 - 3. Calculate g(-3).
-12
Let z(k) = -35*k**2 - 2*k + 2. Let d = 2931 - 2930. Determine z(d).
-35
Suppose 2*k = -2*k - 20. Let z(u) = 10 + 8 - 47 - u + 17. Calculate z(k).
-7
Let u(b) be the second derivative of 5/6*b**3 + 68 - 7/2*b**2 - 2*b + 1/12*b**4. Suppose 4*d = 2*d - 12. What is u(d)?
-1
Suppose 13 + 551 = -3*f. Let m be f/(-36) - (-4)/(-18). Let u(s) = 5 + s**2 + 8*s - 8*s + 0*s**2 - m*s. Give u(4).
1
Let v(m) = m**3 - 7*m**2 + 7*m - 5. Let p = 337 + -364. Let n(o) = o**3 + 26*o**2 - 27*o + 6. Let q be n(p). Determine v(q).
1
Let y = -23195 + 23194. Let a(x) = -9*x + 5. Give a(y).
14
Let a be 3/((-9)/12) - -10. Let b(k) = -2 + k**3 + 8 + 1025*k**2 - 2*k**3 - 1019*k**2 - 4*k. Give b(a).
-18
Let h be (-22)/(-10) + (-2)/10. Suppose 3*k + 12 = 6*k. Let m(j) = -8*j + 3*j + 3 + 3*j - k*j**2. What is m(h)?
-17
Let l = 3 + -5. Suppose 10*i - 6*i - 580 = -4*w, 0 = -5*w - 5. Let r(g) = -i*g + 284*g - 135*g. Calculate r(l).
-6
Let m(l) = l**3 - 6*l**2 - 2*l + 8. Let r be 13/1 - (-7 + 65/5). Let f(g) = -4*g + 34. Let v be f(r). What is m(v)?
-4
Let m(o) be the first derivative of o**4 + 16*o**3/3 - 9*o**2 + 6*o + 6673. Give m(-5).
-4
Let k(f) = -11*f. Let p(r) = -9*r - 1. Let u be 1*(3 - -1) - (-4)/4. Let x(m) = u*p(m) - 4*k(m). 